8?
34
Calculate the highest common factor of 4 and 10588.
4
What is the highest common divisor of 462 and 265034?
154
Calculate the highest common divisor of 963900 and 13440.
420
What is the highest common factor of 6120 and 2760?
120
Calculate the greatest common divisor of 575 and 22250.
25
Calculate the highest common factor of 1890 and 340740.
270
Calculate the greatest common factor of 448 and 40544.
224
What is the highest common divisor of 889 and 42?
7
Calculate the greatest common factor of 2886 and 1950.
78
Calculate the greatest common factor of 296 and 1686645.
37
What is the greatest common divisor of 17845 and 860?
215
What is the greatest common divisor of 4732 and 1?
1
Calculate the highest common divisor of 2431 and 38060.
11
What is the highest common divisor of 498 and 622749?
249
Calculate the highest common divisor of 905 and 6910.
5
What is the highest common divisor of 2548 and 3206?
14
What is the highest common divisor of 54398 and 118?
118
What is the greatest common factor of 70082 and 5762?
134
Calculate the greatest common factor of 1917 and 6461.
71
What is the greatest common divisor of 444 and 9657?
111
Calculate the greatest common factor of 5848 and 2720.
136
Calculate the highest common factor of 893 and 1448963.
47
What is the greatest common divisor of 79 and 1023761?
79
What is the highest common factor of 902 and 14971?
11
What is the greatest common factor of 1535579 and 29?
29
Calculate the highest common divisor of 5497 and 5.
1
What is the greatest common divisor of 18356 and 104?
52
Calculate the greatest common divisor of 1791 and 468.
9
Calculate the greatest common divisor of 693104 and 224.
16
What is the greatest common divisor of 2095646 and 98?
14
What is the highest common divisor of 1340 and 938?
134
What is the greatest common factor of 9933 and 12096?
21
Calculate the highest common factor of 600 and 76575.
75
Calculate the greatest common factor of 50 and 2405.
5
Calculate the highest common divisor of 82 and 1295395.
41
What is the greatest common factor of 429 and 31902?
39
What is the greatest common divisor of 1508913 and 126?
63
What is the highest common factor of 6750 and 123650?
50
Calculate the highest common divisor of 138 and 1451162.
46
Calculate the greatest common divisor of 209 and 693605.
11
What is the greatest common divisor of 1060 and 32489?
53
What is the greatest common divisor of 692201 and 29?
29
Calculate the highest common divisor of 1367 and 1748393.
1367
Calculate the greatest common divisor of 1610500 and 3500.
500
Calculate the greatest common factor of 2968 and 6048.
56
Calculate the highest common factor of 278 and 62411.
139
What is the greatest common divisor of 386682 and 6?
6
What is the highest common divisor of 38 and 1023834?
38
What is the highest common factor of 177 and 1229973?
177
What is the highest common divisor of 4 and 24172?
4
Calculate the highest common divisor of 43966 and 66394.
178
What is the highest common factor of 36992 and 221374?
578
Calculate the highest common divisor of 1692 and 9684.
36
Calculate the greatest common factor of 50133 and 136.
17
Calculate the highest common factor of 10 and 27905.
5
What is the greatest common divisor of 455 and 57655?
65
What is the highest common factor of 424 and 31336?
8
What is the highest common factor of 472840 and 50?
10
Calculate the greatest common divisor of 14101200 and 60.
60
What is the greatest common factor of 55 and 28310?
5
Calculate the highest common factor of 1720 and 683184.
344
Calculate the greatest common factor of 607 and 200.
1
Calculate the highest common factor of 275 and 18775.
25
Calculate the highest common divisor of 868 and 4588.
124
Calculate the highest common factor of 161 and 156791.
23
What is the highest common factor of 360 and 6408?
72
What is the highest common divisor of 1957 and 274907?
103
What is the greatest common divisor of 98 and 3216360?
98
Calculate the highest common divisor of 2483 and 7831.
191
Calculate the highest common factor of 14469 and 329448.
1113
What is the greatest common divisor of 26358 and 28566?
138
What is the highest common divisor of 2784 and 6144?
96
Calculate the highest common factor of 294 and 3149034.
294
Calculate the highest common factor of 17003 and 273.
7
Calculate the highest common factor of 12 and 189618.
6
What is the greatest common divisor of 268 and 74370?
134
Calculate the greatest common factor of 771791 and 535.
107
What is the highest common divisor of 182 and 7369726?
182
What is the greatest common divisor of 69974 and 118?
118
Calculate the greatest common factor of 2551164 and 12.
12
Calculate the highest common factor of 1310 and 76897.
131
Calculate the highest common divisor of 500 and 11475.
25
Calculate the greatest common divisor of 126 and 1292718.
42
Calculate the highest common divisor of 265 and 7367.
53
Calculate the highest common factor of 36 and 316791.
9
Calculate the highest common factor of 345 and 1587.
69
Calculate the highest common factor of 1113 and 19239.
159
Calculate the greatest common factor of 7251 and 12.
3
Calculate the greatest common factor of 56 and 683172.
28
Calculate the highest common factor of 292 and 198779.
73
Calculate the highest common factor of 118 and 249511.
59
What is the greatest common divisor of 5008662 and 54?
54
Calculate the greatest common divisor of 724 and 313492.
724
Calculate the highest common divisor of 24 and 123128.
8
What is the highest common factor of 945 and 30807?
189
What is the greatest common divisor of 72 and 80856?
72
Calculate the highest common factor of 8 and 185776.
8
What is the highest common factor of 1313 and 572?
13
What is the greatest common factor of 6 and 48369?
3
Calculate the highest common divisor of 66856 and 822.
274
What is the greatest common divisor of 204713 and 697?
41
What is the greatest common factor of 3465 and 627795?
315
What is the greatest common factor of 8 and 370118?
2
What is the highest common factor of 712 and 2194295?
89
Calculate the highest common divisor of 497 and 663495.
497
What is the greatest common factor of 51835 and 70?
35
Calculate the greatest common divisor of 2314 and 21716.
178
What is the greatest common divisor of 3955 and 1680?
35
Calculate the highest common factor of 132810 and 494.
38
Calculate the greatest common divisor of 11570 and 104.
26
What is the highest common divisor of 15836 and 340?
4
What is the greatest common divisor of 45954 and 54?
54
What is the highest common divisor of 1332889 and 6054?
1009
Calculate the greatest common factor of 1404 and 4628.
52
What is the greatest common factor of 1517 and 7216?
41
Calculate the highest common divisor of 61778 and 1955.
391
Calculate the highest common divisor of 169439 and 17.
17
What is the highest common divisor of 1717 and 33734?
101
What is the greatest common divisor of 2759 and 93?
31
What is the highest common factor of 23730 and 30?
30
What is the greatest common factor of 50470 and 131840?
1030
Calculate the highest common divisor of 2112 and 94842.
66
Calculate the highest common divisor of 7912807 and 193.
193
Calculate the highest common divisor of 236164 and 1208.
604
What is the greatest common factor of 231 and 25977?
21
Calculate the greatest common factor of 6674 and 4544.
142
What is the highest common factor of 38234 and 182?
14
What is the greatest common factor of 558 and 2742849?
279
Calculate the greatest common divisor of 7611 and 645.
129
Calculate the highest common divisor of 3 and 2485302.
3
What is the greatest common factor of 2805 and 4080?
255
What is the greatest common divisor of 1989 and 355147?
221
What is the highest common divisor of 2501 and 238825?
41
What is the greatest common factor of 344 and 8471?
43
Calculate the greatest common factor of 18619 and 86.
43
Calculate the greatest common divisor of 200 and 5870.
10
What is the highest common divisor of 9 and 39366?
9
What is the highest common divisor of 75 and 158335?
5
What is the highest common factor of 21060 and 4590?
270
What is the greatest common factor of 432 and 8478?
54
Calculate the highest common factor of 90948 and 11.
11
What is the greatest common factor of 325 and 4975?
25
What is the highest 